remainder when o is divided by (2 - -40)/3 - 1.
11
Let s(f) = -2*f + 48. Let j(a) = 2*a - 49. Let w(z) = 4*j(z) + 6*s(z). What is the remainder when w(0) is divided by 16?
12
Suppose -3*a = 8*a. Suppose -5*c + 4*u = -50, -2*c - 3*u = -a*c - 43. What is the remainder when c is divided by 8?
6
Let h = -615 + 733. What is the remainder when h is divided by 12?
10
Let l(y) = y**2 - 5*y - 5. Let a be l(7). Let b be (-769)/(-3) - (-6)/a. Suppose -5*m + b = 82. Calculate the remainder when m is divided by 12.
11
Let l = 205 + -140. Let h be 31385/l + 4/26. What is the remainder when (-2)/3*h/(-14) is divided by 12?
11
Let i(n) = 18 - 3*n + 15*n + 2*n + 17*n**2 + n**3. Calculate the remainder when 196 is divided by i(-16).
46
Let t(v) = 2*v - 22. Let h be t(11). Suppose h = -4*y + 48 + 4. Calculate the remainder when 4/(-10) + 374/10 is divided by y.
11
Suppose 0 = r + 4*r - 10. Suppose 7*y = 2*y - r*j + 19, 5*y - 25 = -5*j. Calculate the remainder when 39 is divided by 17 - (1 + -1) - y.
11
Let v = 60 + -52. Suppose -v*u + 80 = -3*u. What is the remainder when u is divided by 6?
4
Let x(v) = -12*v**3 + 4*v**2 + 2*v. Calculate the remainder when 725 is divided by x(-1).
11
Suppose 0*z + 66*z = 726. What is the remainder when 111 is divided by z?
1
Suppose -4*u + 0*u + 40 = 0. Let d(i) = i**2 - 2*i + 39. Calculate the remainder when d(0) is divided by u.
9
Suppose -9*o + 252 = 19*o. Calculate the remainder when 700 is divided by o.
7
Let b = -87 - -71. Let x = -6 - b. Suppose -46 = -2*r + 6. What is the remainder when r is divided by x?
6
Let m(o) = 9*o - 1. What is the remainder when 15 is divided by m(1)?
7
Let x = -696 + 730. What is the remainder when 441 is divided by x?
33
Calculate the remainder when (16/(-6))/(((-32)/12)/4) is divided by ((-2)/6)/(3/(-27)).
1
Let p(y) = y**2 + 8*y + 13. Let d be p(-6). Suppose 5*z - 236 = -d. Calculate the remainder when z is divided by 24.
23
Let b be 22/(-2 + (2 - -2)). Let v = b - 0. Suppose -53*o + 54*o - 31 = 0. Calculate the remainder when o is divided by v.
9
Let a be ((-2)/(-6))/((-3)/18). Suppose 2 = -2*l, -3*l - 23 = 3*w - 65. What is the remainder when w is divided by 2 - 1/(a/14)?
6
Suppose 8*u - 113 = 4*u + l, -3*u - 3*l = -96. Suppose -7*b - 1 = -u. Let t = 11 - 5. What is the remainder when t is divided by b?
2
Suppose 12 = -4*u - 5*c, -u - 2 + 8 = -c. Let v = 3 - 3. Let a = v + 3. Calculate the remainder when a is divided by u.
1
Let b = -774 - -783. Calculate the remainder when 79 is divided by b.
7
Let n = 2 - -2. Suppose q = 7 + n. Calculate the remainder when q is divided by 3/(-6)*(-56)/4.
4
Let h = 6 - 9. Let v(s) = 4*s**2 + s + 8. Calculate the remainder when v(h) is divided by 21.
20
Let t(c) = -8*c - 19. Let y(w) = w + 1. Let m(b) = t(b) + 6*y(b). What is the remainder when 68 is divided by m(-18)?
22
Let i(v) = -3*v - 30. Let w be i(-15). Let y(f) = f + 44. Calculate the remainder when y(w) is divided by 219/7 + 2/(-7).
28
Let w = 35 + -67. Let s = -21 - w. Let y(x) = 38*x + 4. Calculate the remainder when y(1) is divided by s.
9
Let w = 279 - 200. What is the remainder when w is divided by 6?
1
Let d(r) = 25*r - 4. What is the remainder when d(2) is divided by 24?
22
Let n(z) = z**3 - 20*z - 10. What is the remainder when 53 is divided by n(-4)?
5
Suppose 5*x + 53 = 2*y - 0*x, -5*y = 5*x - 45. Suppose -22*u + 18*u = -32. Calculate the remainder when y is divided by u.
6
Let x(n) = 2*n**3 + 14*n**2 + 7*n + 3. What is the remainder when 44 is divided by x(-6)?
11
Suppose -14*z + 65 = -313. What is the remainder when z is divided by 15?
12
Let f(o) = 3 + 67*o - 4*o + 1 + 3. What is the remainder when f(2) is divided by 27?
25
Let r(k) = k**2 + 14*k + 31. What is the remainder when 222 is divided by r(-15)?
38
Suppose 60*g - 776 = 56*g. Let k = -6 + -103. Let y = k + g. Calculate the remainder when y is divided by 43.
42
Let r(f) = -f**2 + 29*f + 185. Calculate the remainder when r(31) is divided by 15.
3
Let h(t) = t. Let q be h(-2). Let c(j) = -6 + 0 - 3*j - 2*j + 7. Calculate the remainder when c(q) is divided by 3.
2
Let m = -9 - -21. Let y = -1 + m. What is the remainder when 30 is divided by y?
8
Let c = -13 + 19. Let h be 36*(2 - 4/c). Suppose -3*r - 3 = 12, 0 = 3*j - 3*r - h. What is the remainder when j is divided by 3?
2
Let m(c) = -3*c**2 - 28*c - 2. Suppose 3*k + 5 = -4*d, k - 3*k = -d + 7. Calculate the remainder when 34 + d/(-1) - -1 is divided by m(-9).
6
Suppose 4*p = 242 - 90. Suppose 8*q + p = 166. Calculate the remainder when q is divided by (-1)/((-8)/(-9) + -1).
7
Let d(r) = 3*r + 3. Let m be d(-2). Let s(w) = -w**3 - 2*w**2 - 2*w - 1. Let i(y) = y**2 - 4*y - 6. Calculate the remainder when i(-5) is divided by s(m).
11
Let t(z) = 693*z**3 - 3*z**2 + z + 1. Calculate the remainder when t(1) is divided by 63.
62
Suppose -3*u + 5*a + 9 = 0, -9 = 5*u + 5*a + 16. Let g be ((-45)/10)/(u/4). Calculate the remainder when 11 is divided by g*6/9 + -3.
2
Suppose -n = -5*u + 5, 3*n - 7 = 8*u - 4*u. Calculate the remainder when 18 is divided by n.
3
Suppose -12*i + 489 + 255 = 0. What is the remainder when 105 is divided by i?
43
Suppose z - 5*n = 68, -5*z + n = -n - 363. Let c = 81 - z. Calculate the remainder when 12 is divided by c.
4
Let t = 798 - 659. What is the remainder when t is divided by 10?
9
Let t(b) be the third derivative of b**5/30 + b**4/4 - 3*b**3/2 - 21*b**2. Calculate the remainder when t(-8) is divided by 12.
11
Let w(u) = -7*u. Let s = -2201 + 2307. Calculate the remainder when s is divided by w(-4).
22
Let z(r) = -r**3 - 6*r**2 - 16. What is the remainder when -7*(0 + (-180)/21) is divided by z(-7)?
27
Let c(q) = -q**3 + 5*q**2 + 10*q - 10. Let h be c(6). Calculate the remainder when (3 - h)*(-12 + 2) is divided by 37.
36
Suppose 22 = 4*u - 14. Suppose o + 2 = -3*a + u, a + 2*o = -1. Suppose -f = 5, -5*c + 179 = a*f + 29. Calculate the remainder when 65 is divided by c.
32
Let u be 5 + -4 + -1 + 4. Let f be (-24)/(-16)*(0 - u). Let n(l) = -l**3 - 6*l**2 - 6*l - 8. What is the remainder when n(f) is divided by 15?
13
Suppose -3*n + 5*y = 25, -4*n + 3*n = 3*y - 1. Let w = 9 + n. Suppose w*s + 16 = 68. Calculate the remainder when 24 is divided by s.
11
Let g(k) = 7*k + 1. Let x(p) = p. Let q(l) = -10*l + 15. Let i(f) = -q(f) - 15*x(f). Calculate the remainder when g(4) is divided by i(-5).
9
Let b = 66 + -42. Suppose -6*y = -24 - b. Calculate the remainder when 55 is divided by y.
7
Let t(z) = -z**3 - 5*z**2 - 11. Calculate the remainder when 94 is divided by t(-6).
19
Let y(o) = -4*o**3 + o**2 + 2*o - 4. Let g(q) = 9*q**3 - 3*q**2 - 3*q + 9. Let a(f) = -3*g(f) - 7*y(f). What is the remainder when 26 is divided by a(-3)?
5
Suppose -5 = -0*r - r. Suppose -260 = 14*b - 27*b. What is the remainder when (-2)/5 - (-397)/r is divided by b?
19
Suppose -2*t + 393 = -5*l, 0 = t + 3*t - 4*l - 756. What is the remainder when t is divided by 47?
43
Let z(d) = 2*d + 37. Calculate the remainder when z(-10) is divided by 10.
7
Let f(z) = -6*z**2 - 149*z + 75. Suppose -5*y = -0*y - 135. Calculate the remainder when f(-25) is divided by y.
23
Let h be (4/12 + -2)/(2/(-6)). Suppose 16 + 9 = 3*f + h*p, f - p - 3 = 0. What is the remainder when 8 is divided by f?
3
Let i = -85 + 124. What is the remainder when 155 is divided by i?
38
Let n be (-7)/(-2 - 84/(-44)). Let u be 275/n - (-3)/7. Suppose -2*h = u*b - 32 - 96, h - 3*b = 59. Calculate the remainder when h is divided by 21.
20
Let y = -26 + 70. Suppose -5*b - 135 = -14*b. Calculate the remainder when y is divided by b.
14
Suppose -4*y + 5*y = -5*x + 45, 2*x - 6 = 0. Let a(b) = -19*b - 16. Calculate the remainder when a(-7) is divided by y.
27
Suppose -j + 3*j + 142 = 0. Suppose 2*c = 7*c - 725. Let f = c + j. What is the remainder when f is divided by 19?
17
Suppose -23*c + 31*c - 1480 = 0. What is the remainder when c is divided by 38?
33
Suppose -5*v - 66 = 4. Let y = v - -24. Let d = 58 + -41. What is the remainder when d is divided by y?
7
Calculate the remainder when (-12)/(-8) + 1 - (-5268)/24 is divided by 62.
36
Suppose y - 24 = -4*y - 2*g, -5*g = -y - 6. Let t = -42 + 44. Suppose -4*f = -2*k + 10, -t = -2*f - 0*f. What is the remainder when k is divided by y?
3
Suppose 2*p - 7*p = 4*q - 273, q - 5*p - 37 = 0. 